t k(g) = -5*g**2. Let a be k(1). Let h(p) = 3*p + 2. Let u(f) = -7*f - 4. Let q(m) = a*h(m) - 2*u(m). Let i be 3/6*(0 - 0). Determine q(i).
-2
Let t(x) be the first derivative of x**2/2 + 12*x + 8. Give t(-6).
6
Let p(y) = y**3 + 15*y**2 - 1. Let a be p(-15). Let k(q) = -6*q**3 - q. Calculate k(a).
7
Let i be ((-49)/(-7) - 1) + -3. Let q(w) = 8*w + 1. Let h(c) = c + 1. Let y(a) = -4*h(a) + q(a). Determine y(i).
9
Let j(v) be the third derivative of -v**4/24 - 4*v**3/3 - 41*v**2. Calculate j(-4).
-4
Let w(v) be the third derivative of -v**5/60 + v**4/24 + 4*v**3/3 - 11*v**2. What is w(0)?
8
Let t(l) be the first derivative of -3*l**2 - l - 35. Give t(1).
-7
Suppose -2*a + 4 = 3*s - 8, 0 = 4*a + s - 24. Let p(c) = -2*c + 5. Calculate p(a).
-7
Let u(i) = i**2 + 6*i + 1. Let g(h) = h - 13. Let l be g(7). Calculate u(l).
1
Let r be 2*(-4)/(-1 - 1). Suppose 0*l = r*l - 8. Suppose -2*x = y - 6*x - l, -4*y = 2*x + 10. Let q(k) = k**2 + 4*k - 1. Give q(y).
-5
Let f = -41 + 44. Let p(k) = 2*k. What is p(f)?
6
Let n(o) = 13*o - 1. Let v(d) = 3*d. Let w(u) = 2*n(u) - 9*v(u). Let y be w(-2). Suppose 3*g + y = 2*s + 3, 5*s + 5*g - 5 = 0. Let b(z) = z - 2. Give b(s).
-2
Let s(y) = 7*y**3 + y**2 + 2*y + 1. Let o = 44 + -45. Give s(o).
-7
Let o(w) = -w**3 - 5*w**2 - w. Suppose 6*d - 12*d = 24. Calculate o(d).
-12
Let x(t) = t + 4. Let g = -6 + 29. Let d = g + -27. What is x(d)?
0
Suppose -p = 1, p = u + u - 3. Let v(r) = r**3 - 7*r**3 + 3 - 2. Determine v(u).
-5
Let j(p) = -9 - p**3 + 7*p - 1 + 4 + 5*p**2. What is j(6)?
0
Suppose -3*a + 27 = 3*l, 1 = 5*a + 3*l - 44. Suppose -4*d - v - a = 0, 5*v = -5*d - 0*v. Let p(t) = -2*t - 3. Determine p(d).
3
Suppose -7*b + b - 30 = 0. Let d(s) = -s**2 - 6*s - 6. Determine d(b).
-1
Let s = -11 + 10. Let h(c) be the first derivative of 0*c - 2 + 3/2*c**2. Calculate h(s).
-3
Let a(j) = 2*j**3 - 2*j**2 - 9*j - 4. Let d(x) = x**3 - x**2 - 5*x - 2. Let c be (-12)/78 - (-50)/(-13). Let s(p) = c*a(p) + 7*d(p). Calculate s(2).
0
Let a(f) = -5*f - 4. Let d(m) = 4*m + 3. Let z(x) = 5*a(x) + 6*d(x). Give z(-4).
2
Let l(v) be the second derivative of 3*v + 0 + v**2 + 1/6*v**3. What is l(-7)?
-5
Let p(z) = 8*z**3 - 6*z**2 + 6*z - 4. Let c(w) = -18*w**3 + 13*w**2 - 13*w + 9. Let q(k) = 3*c(k) + 7*p(k). Let f = -3 + 5. Determine q(f).
9
Let i(u) be the first derivative of 0*u**3 - 1/6*u**4 - 3/2*u**2 + 3 + 0*u. Let m(r) be the second derivative of i(r). Calculate m(-1).
4
Let k(v) = -3 + 0 + 3*v + 11 - 1. Give k(-5).
-8
Suppose 0*i - 5*i = 0. Let b(a) = -a**2 - a + 3. Calculate b(i).
3
Let n(j) = -j**2 + j - 1. Let z(a) = -3*a**2 + 4*a - 6. Let q(l) = 5*n(l) - z(l). Suppose -3*x = x - 2*s + 4, -5*s = 2*x + 2. Let o be x/4 + 9/(-12). Give q(o).
-2
Let o(q) = -3*q + 8*q**2 - 7*q**2 + 4*q. Determine o(2).
6
Let o(u) = -5*u - 1. Let j(f) = f**2 + 4*f - 4. Let p = -2 - 3. Let c be j(p). Let g be (-2)/((1 + c)*-1). Give o(g).
-6
Let s(r) = r**3 - 5*r**2 - 3*r + 6. Suppose 4*z - 63 = -11. Let d = 18 - z. Determine s(d).
-9
Let k(i) = -3*i**2 + 9*i - 3. Let r(l) = 16*l**2 - 46*l + 16. Let h(q) = -11*k(q) - 2*r(q). Suppose 0*f = 3*f. Suppose 0 = -2*o + 10 - f. Determine h(o).
-9
Let w be 225/20 - 1 - 2/8. Let x(i) = i**2 - 12*i + 10. Determine x(w).
-10
Let j be (-114)/22 - 10/(-55). Let a(v) = 4*v - 6*v**2 - 10*v - 1 + 5 - 3*v. Let t(x) = -7*x**2 - 10*x + 4. Let g(s) = -6*a(s) + 5*t(s). Calculate g(j).
1
Let q(k) = -k**2 + 3*k + 3. Suppose -3*u + 3 = 3*i - 3, 2*u + 3*i = 3. Calculate q(u).
3
Let i = 5 - 2. Suppose -a - 16 = i*a. Let o(r) = -6*r - 2. Let f(c) = -c + 1. Let b(v) = 4*f(v) - o(v). What is b(a)?
-2
Let b(x) be the third derivative of -x**5/60 - x**4/24 + x**3/3 + 8*x**2. What is b(2)?
-4
Let l(o) = -14*o**2 + 8*o - 14. Let y(s) = 3*s**2 - 1. Let a be y(2). Let x(b) = -5*b**2 + 3*b - 5. Let q(t) = a*x(t) - 4*l(t). What is q(-3)?
7
Let y(f) = -f**3 - 6*f**2 - f - 1. Let t be y(-6). Let h(s) = -s + 5. What is h(t)?
0
Suppose 0 = -3*r + 5 - 2. Let m(u) = 0*u + 2*u - 3*u - r + 5. Determine m(0).
4
Let c(o) = 2*o - 5. Let q = 2 - 5. Let z be 1*(q + (1 - -1)). Let w be (0 - z)/((-1)/(-4)). Give c(w).
3
Let t(k) be the second derivative of 0*k**2 + k + 1/6*k**4 + 0 + 1/6*k**3 + 2/5*k**5. Calculate t(-1).
-7
Let c(g) = -4*g**2 + 6*g + 6. Let v(m) = m**2 - m. Let j(l) = -c(l) - 3*v(l). What is j(5)?
4
Let i(o) = o - 1. Let t(q) = -2*q + 2. Let k(p) = 5*i(p) + 3*t(p). Calculate k(-3).
4
Let h(m) = -3*m**3 + 8*m**2 + 12*m + 5. Let n(i) = 5*i**3 - 16*i**2 - 23*i - 9. Let q(x) = 7*h(x) + 4*n(x). Let c be q(-7). Let y(s) = s - 11. Calculate y(c).
-5
Let n be 2/6 + (-120)/36. Let o(b) = -3*b - 1. Give o(n).
8
Let y be (-1)/(((-4)/(-6))/(-2)). Let r(j) = j**2 - 3*j + 6. Let v(q) = -q**2 + 4*q - 5. Let n(b) = y*r(b) + 4*v(b). Determine n(6).
4
Suppose 0*t - t + 2 = 0. Let g(c) = -c**2 + 7 + 0*c**2 + t*c**2 + 2. Let o(p) = p**2 + p. Let v be o(0). Give g(v).
9
Let s(a) = -3*a**3 + 4*a**2 + a + 1. Let b be s(2). Let v(h) = -h**3 - 4*h**2 + 4*h - 6. Determine v(b).
-1
Let g(c) = -15*c - 1. Let i be (15/(-6) + 3)/((-1)/(-2)). Give g(i).
-16
Suppose 2*x + 3*x = -35. Let b = -4 - x. Suppose b = 2*t + t. Let h(l) = -l**3 + l**2 - l + 1. What is h(t)?
0
Let v(m) = -m + 10. Suppose -o + 5*o + 3*g = 36, -4*o + 3*g = -12. Determine v(o).
4
Let c = -4 - -7. Let j(z) = -z**2 + z - 2. Determine j(c).
-8
Let l(j) = j + 3. Let b be (-94)/(-14) + (-4)/(-14). Let k(g) = g - 3. Let n be k(b). Let c be (-2)/4 + 2/n. Determine l(c).
3
Let u(l) = -2*l + 3. Let j(n) be the second derivative of -n**3/2 + 5*n**2/2 + 2*n. Let d(r) = -3*j(r) + 5*u(r). Let q = 4 + 1. Determine d(q).
-5
Let k(q) = q**3 - 4*q**2 - 5*q - 3. Let x = -11 + 16. Let v be k(x). Let g(i) = -i**3 - 3*i**2 + 3. Calculate g(v).
3
Let r(k) = 5*k**2 + 4. Let h(i) = 14*i**2 + 11. Let t(m) = 3*h(m) - 8*r(m). Give t(-1).
3
Let c(l) = -l**2 + 8*l - 7. Let o(d) = -d**2 + 8*d - 7. Let s(a) = 5*c(a) - 6*o(a). Let n be ((-8)/12)/((-2)/15). Determine s(n).
-8
Let u(d) = d + 12. Let t(l) = 2*l + 23. Let f(p) = -4*t(p) + 7*u(p). Give f(-4).
-4
Let o(g) be the third derivative of g**7/2520 + g**6/180 - g**5/20 + g**4/8 + g**2. Let s(u) be the second derivative of o(u). Calculate s(-5).
-1
Let x(f) = 2*f**2 - f - 1. Let q be x(2). Let r(t) = -t**2 + 4*t + 7. Let z be r(q). Let g(n) = n + 3*n - 4*n**2 + 3*n**z. Give g(4).
0
Suppose -2*z + 2 = -2. Let l(d) be the second derivative of 1/2*d**3 - 1/2*d**2 + 0*d**4 - 1/20*d**5 + 0 - 5*d. Calculate l(z).
-3
Let n(l) be the third derivative of -l**4/6 - l**3/2 - 3*l**2. Let k(i) = -4*i - 3. Let j(u) = -5*k(u) + 4*n(u). Give j(-3).
-9
Let k = -2 - 0. Let a(y) be the first derivative of -y**4/8 + y**3/6 + y**2 - 4. Let t(b) be the second derivative of a(b). Calculate t(k).
7
Let a(q) = q**3 - 5*q**2 + 2*q + 1. Let j(k) = k**3 - 11*k**2 - 11*k - 9. Let f be j(12). Calculate a(f).
-11
Let j(g) = 2*g - 1. Suppose 0*s = s + 4. Calculate j(s).
-9
Let u(k) = -2*k. Let q be u(-2). Let s(h) = 1. Let c(w) = -w + 4. Let j(a) = -c(a) + 3*s(a). Calculate j(q).
3
Suppose 2*k + 2*o = 10, -4*o + 3*o = 5*k - 17. Let d be (1/(-2))/(2/(-4)). Let a(s) = -k*s**2 - 4*s**3 - 3*s + 4*s + 2*s**2 + d. Determine a(-1).
3
Let t be (1 - -2) + (-114)/3. Let o be (-4)/(-14) - (-10)/t. Let m(x) be the first derivative of x**3/3 - x**2/2 + 10*x + 2. Calculate m(o).
10
Let y be 0/(2 + 1) - 0. Let t be (0 + 2 - 3) + y. Let n(a) be the second derivative of -a**5/20 + a**4/12 - a**3/6 - a**2/2 - a. What is n(t)?
2
Let o(t) = -2*t - 7. Let m(w) be the second derivative of -w**3/6 - 3*w**2 - 3*w. Let l(p) = 5*m(p) - 4*o(p). Let d(f) = -3*f. Let c be d(-1). Calculate l(c).
7
Let w(u) = -3*u**2 + 0*u**3 + 2*u**2 - u**2 + 1 + 6*u**3. Give w(1).
5
Let y be 1*(-2 - (-1 + 0)). Let l(z) = 8*z - 2. Let u(b) = 8*b - 1. Let f(c) = 2*l(c) - 3*u(c). Give f(y).
7
Let t(l) = 2*l + 6. Suppose -47*j = -50*j - 12. Calculate t(j).
-2
Let a(g) = -11*g**3 - 44*g**2 - 27*g + 41. Let u(w) = -7*w**3 - 29*w**2 - 18*w + 27. Let b(f) = -5*a(f) + 8*u(f). Calculate b(-11).
-11
Let q(t) be the first derivative of -4*t - 1 + 1/2*t**2. Calculate q(4).
0
Let k = -1 + 4. Let t(f) = -f**2 + 2*f. Calculate t(k).
-3
Let w be (2/(-1))/((-2)/(-5)). Let k(t) = 4*t + 3. Let o(l) = -3*l - 2. Let v(u) = 2*k(u) + 3*o(u). Give v(w).
5
Let x(b) = b**2 - 3*